{"id":9311,"date":"2026-03-26T16:42:53","date_gmt":"2026-03-26T15:42:53","guid":{"rendered":"https:\/\/empresas28.hachete.com\/romeroalarcon\/?page_id=9311"},"modified":"2026-04-13T14:53:10","modified_gmt":"2026-04-13T12:53:10","slug":"servicios","status":"publish","type":"page","link":"https:\/\/empresas28.hachete.com\/romeroalarcon\/servicios\/","title":{"rendered":"Servicios"},"content":{"rendered":"\t\t<div data-elementor-type=\"wp-page\" data-elementor-id=\"9311\" class=\"elementor elementor-9311\">\n\t\t\t\t\t\t<section class=\"elementor-section elementor-top-section elementor-element elementor-element-297a522 pt pb-md mkdf-elementor-row-grid-section elementor-section-boxed elementor-section-height-default elementor-section-height-default mkdf-parallax-row-no mkdf-content-aligment-left mkdf-disabled-bg-image-bellow-no mkdf-row-btt-light\" data-id=\"297a522\" data-element_type=\"section\" data-e-type=\"section\">\n\t\t\t\t\t\t<div class=\"elementor-container elementor-column-gap-default\">\n\t\t\t\t\t<div class=\"elementor-column elementor-col-50 elementor-top-column elementor-element elementor-element-b9e066e\" data-id=\"b9e066e\" data-element_type=\"column\" data-e-type=\"column\">\n\t\t\t<div class=\"elementor-widget-wrap elementor-element-populated\">\n\t\t\t\t\t\t<section class=\"elementor-section elementor-inner-section elementor-element elementor-element-70211fc elementor-section-boxed elementor-section-height-default elementor-section-height-default mkdf-parallax-row-no mkdf-content-aligment-left mkdf-elementor-row-grid-no mkdf-disabled-bg-image-bellow-no mkdf-row-btt-light\" data-id=\"70211fc\" data-element_type=\"section\" data-e-type=\"section\">\n\t\t\t\t\t\t<div class=\"elementor-container elementor-column-gap-default\">\n\t\t\t\t\t<div class=\"elementor-column elementor-col-100 elementor-inner-column elementor-element elementor-element-f263994\" data-id=\"f263994\" data-element_type=\"column\" data-e-type=\"column\">\n\t\t\t<div class=\"elementor-widget-wrap elementor-element-populated\">\n\t\t\t\t\t\t<div class=\"elementor-element elementor-element-6c91d48 elementor-widget elementor-widget-mkdf_section_title\" data-id=\"6c91d48\" data-element_type=\"widget\" data-e-type=\"widget\" data-widget_type=\"mkdf_section_title.default\">\n\t\t\t\t<div class=\"elementor-widget-container\">\n\t\t\t\t\t<div class=\"mkdf-section-title-holder  mkdf-st-standard   \" >\n\t<div class=\"mkdf-st-inner\">\n        \t\t\t\t\t<h2 class=\"mkdf-st-title\" >\n\t\t\t\tServicio integral y garant\u00eda\t\t\t<\/h2>\n\t\t\t\t\t<\/div>\n<\/div>\t\t\t\t<\/div>\n\t\t\t\t<\/div>\n\t\t\t\t<div class=\"elementor-element elementor-element-dd074b5 elementor-widget elementor-widget-text-editor\" data-id=\"dd074b5\" data-element_type=\"widget\" data-e-type=\"widget\" data-widget_type=\"text-editor.default\">\n\t\t\t\t\t\t\t\t\t<p>Contamos con un equipo humano profesionalmente cualificado, las instalaciones necesarias y la mejor tecnolog\u00eda.<\/p>\t\t\t\t\t\t\t\t<\/div>\n\t\t\t\t\t<\/div>\n\t\t<\/div>\n\t\t\t\t\t<\/div>\n\t\t<\/section>\n\t\t\t\t\t<\/div>\n\t\t<\/div>\n\t\t\t\t<div class=\"elementor-column elementor-col-50 elementor-top-column elementor-element elementor-element-67c7d86 pt-md\" data-id=\"67c7d86\" data-element_type=\"column\" data-e-type=\"column\">\n\t\t\t<div class=\"elementor-widget-wrap elementor-element-populated\">\n\t\t\t\t\t\t<div class=\"elementor-element elementor-element-3bd54f0 icono elementor-widget elementor-widget-mkdf_icon_with_text\" data-id=\"3bd54f0\" data-element_type=\"widget\" data-e-type=\"widget\" data-widget_type=\"mkdf_icon_with_text.default\">\n\t\t\t\t<div class=\"elementor-widget-container\">\n\t\t\t\t\t<div class=\"mkdf-iwt clearfix  mkdf-iwt-icon-left  mkdf-iwt-icon-medium\" >\n\t<div class=\"mkdf-iwt-icon\">\n\t\t\t\t\t\t\t\t\t<img decoding=\"async\" width=\"64\" height=\"64\" src=\"https:\/\/empresas28.hachete.com\/romeroalarcon\/wp-content\/uploads\/2019\/02\/h5-icon-img-01.png\" class=\"attachment-full size-full\" alt=\"a\" \/>                \t\t\t<\/div>\n\t<div class=\"mkdf-iwt-content\" >\n        \t\t\t\t\t<h4 class=\"mkdf-iwt-title\" style=\"margin-top: -4px\">\n\t\t\t\t\t\t\t\t<span class=\"mkdf-iwt-title-text\">Gesti\u00f3n completa de proyectos<\/span>\n\t\t\t\t\t\t\t<\/h4>\n\t\t\t\t\t\t\t<p class=\"mkdf-iwt-text\" style=\"margin-top: 14px\">Procuramos un servicio que abarca desde el asesoramiento y dise\u00f1o de instalaciones hasta su construcci\u00f3n, incluyendo la preparaci\u00f3n del terreno, cimentaci\u00f3n, realizaci\u00f3n de estructuras y cerramientos.<\/p>\n\t\t\t<\/div>\n<\/div>\t\t\t\t<\/div>\n\t\t\t\t<\/div>\n\t\t\t\t\t<\/div>\n\t\t<\/div>\n\t\t\t\t\t<\/div>\n\t\t<\/section>\n\t\t<div class=\"mkdf-elementor-row mkdf-row-with-bg-pattern\" style=\"\">\t\t<section class=\"elementor-section elementor-top-section elementor-element elementor-element-a50048f mkdf-elementor-row-grid-section elementor-section-full_width pt-md pb-md elementor-section-height-default elementor-section-height-default mkdf-parallax-row-no mkdf-content-aligment-left mkdf-disabled-bg-image-bellow-no mkdf-row-btt-light\" data-id=\"a50048f\" data-element_type=\"section\" data-e-type=\"section\" id=\"preconstruccion\" data-settings=\"{&quot;background_background&quot;:&quot;classic&quot;}\">\n\t\t\t\t\t\t<div class=\"elementor-container elementor-column-gap-default\">\n\t\t\t\t\t<div class=\"elementor-column elementor-col-50 elementor-top-column elementor-element elementor-element-ae28ab8\" data-id=\"ae28ab8\" data-element_type=\"column\" data-e-type=\"column\">\n\t\t\t<div class=\"elementor-widget-wrap elementor-element-populated\">\n\t\t\t\t\t\t<div class=\"elementor-element elementor-element-2025b50 mkdf-appearing-section mkdf-eh-item-project elementor-widget elementor-widget-image\" data-id=\"2025b50\" data-element_type=\"widget\" data-e-type=\"widget\" data-widget_type=\"image.default\">\n\t\t\t\t\t\t\t\t\t\t\t\t\t\t\t<img fetchpriority=\"high\" decoding=\"async\" width=\"1024\" height=\"683\" src=\"https:\/\/empresas28.hachete.com\/romeroalarcon\/wp-content\/uploads\/2026\/03\/preconstruccion-1024x683.webp\" class=\"attachment-large size-large wp-image-9472\" alt=\"\" srcset=\"https:\/\/empresas28.hachete.com\/romeroalarcon\/wp-content\/uploads\/2026\/03\/preconstruccion-1024x683.webp 1024w, https:\/\/empresas28.hachete.com\/romeroalarcon\/wp-content\/uploads\/2026\/03\/preconstruccion-300x200.webp 300w, https:\/\/empresas28.hachete.com\/romeroalarcon\/wp-content\/uploads\/2026\/03\/preconstruccion-768x512.webp 768w, https:\/\/empresas28.hachete.com\/romeroalarcon\/wp-content\/uploads\/2026\/03\/preconstruccion.webp 1424w\" sizes=\"(max-width: 1024px) 100vw, 1024px\" \/>\t\t\t\t\t\t\t\t\t\t\t\t\t\t\t<\/div>\n\t\t\t\t\t<\/div>\n\t\t<\/div>\n\t\t\t\t<div class=\"elementor-column elementor-col-50 elementor-top-column elementor-element elementor-element-a6f9b37\" data-id=\"a6f9b37\" data-element_type=\"column\" data-e-type=\"column\">\n\t\t\t<div class=\"elementor-widget-wrap elementor-element-populated\">\n\t\t\t\t\t\t<div class=\"elementor-element elementor-element-73ff54c elementor-widget elementor-widget-mkdf_section_title\" data-id=\"73ff54c\" data-element_type=\"widget\" data-e-type=\"widget\" data-widget_type=\"mkdf_section_title.default\">\n\t\t\t\t<div class=\"elementor-widget-container\">\n\t\t\t\t\t<div class=\"mkdf-section-title-holder  mkdf-st-standard   \" >\n\t<div class=\"mkdf-st-inner\">\n        \t\t\t\t\t<h2 class=\"mkdf-st-title\" >\n\t\t\t\tPreconstrucci\u00f3n\t\t\t<\/h2>\n\t\t\t\t\t\t\t<p class=\"mkdf-st-text\" style=\"margin-top: 20px\">\n\t\t\t\tRealizamos asesoramiento y dise\u00f1o de reformas y ofrecemos un servicio postventa con garant\u00edas y protocolos de mantenimiento, todo bajo una perspectiva disciplinada y sistem\u00e1tica y dentro de la concepci\u00f3n integral del proceso. <br><br>\n\nEn Romero Alarc\u00f3n la experiencia de a\u00f1os nos ha convertido en referencia en versatilidad, redise\u00f1ando y adaptando proyectos bajo las necesidades de nuestros clientes. Concienciar y mejorar son nuestras m\u00e1ximas, y para ello establecemos pautas y par\u00e1metros de seguimiento en \u00e1mbitos profesionales y culturales de nuestra empresa, siempre con la misi\u00f3n y visi\u00f3n como meta.\t\t\t<\/p>\n\t\t\t<\/div>\n<\/div>\t\t\t\t<\/div>\n\t\t\t\t<\/div>\n\t\t\t\t\t<\/div>\n\t\t<\/div>\n\t\t\t\t\t<\/div>\n\t\t<\/section>\n\t\t<div class=\"mkdf-row-background-pattern-holder\"><div class=\"mkdf-row-background-pattern-left\"><\/div><div class=\"mkdf-row-background-pattern-right\"><\/div><\/div><\/div>\t\t<section class=\"elementor-section elementor-top-section elementor-element elementor-element-de94794 mkdf-elementor-row-grid-section elementor-section-full_width pt-md pb-md elementor-reverse-tablet elementor-reverse-mobile elementor-section-height-default elementor-section-height-default mkdf-parallax-row-no mkdf-content-aligment-left mkdf-disabled-bg-image-bellow-no mkdf-row-btt-light\" data-id=\"de94794\" data-element_type=\"section\" data-e-type=\"section\" id=\"construccion\" data-settings=\"{&quot;background_background&quot;:&quot;classic&quot;}\">\n\t\t\t\t\t\t<div class=\"elementor-container elementor-column-gap-default\">\n\t\t\t\t\t<div class=\"elementor-column elementor-col-50 elementor-top-column elementor-element elementor-element-deb9973\" data-id=\"deb9973\" data-element_type=\"column\" data-e-type=\"column\">\n\t\t\t<div class=\"elementor-widget-wrap elementor-element-populated\">\n\t\t\t\t\t\t<div class=\"elementor-element elementor-element-ef13fc2 elementor-widget elementor-widget-mkdf_section_title\" data-id=\"ef13fc2\" data-element_type=\"widget\" data-e-type=\"widget\" data-widget_type=\"mkdf_section_title.default\">\n\t\t\t\t<div class=\"elementor-widget-container\">\n\t\t\t\t\t<div class=\"mkdf-section-title-holder  mkdf-st-standard   \" >\n\t<div class=\"mkdf-st-inner\">\n        \t\t\t\t\t<h2 class=\"mkdf-st-title\" >\n\t\t\t\tConstrucci\u00f3n\t\t\t<\/h2>\n\t\t\t\t\t\t\t<p class=\"mkdf-st-text\" style=\"margin-top: 20px\">\n\t\t\t\tNos consideramos parte de una soluci\u00f3n global a la hora de encarar cualquier proyecto, con foco en la atenci\u00f3n de las necesidades, impacto medio ambiental, mejora de procesos, capacidades de gesti\u00f3n y garant\u00eda.<br><br>\n\nEn lo que respecta a materiales siempre contamos con los de m\u00e1s alta calidad en el mercado; adem\u00e1s, nuestros componentes son de fabricaci\u00f3n propia para asegurar unos excelentes resultados.\t\t\t<\/p>\n\t\t\t<\/div>\n<\/div>\t\t\t\t<\/div>\n\t\t\t\t<\/div>\n\t\t\t\t\t<\/div>\n\t\t<\/div>\n\t\t\t\t<div class=\"elementor-column elementor-col-50 elementor-top-column elementor-element elementor-element-f307005\" data-id=\"f307005\" data-element_type=\"column\" data-e-type=\"column\">\n\t\t\t<div class=\"elementor-widget-wrap elementor-element-populated\">\n\t\t\t\t\t\t<div class=\"elementor-element elementor-element-5981bc7 mkdf-appearing-section mkdf-eh-item-project elementor-widget elementor-widget-image\" data-id=\"5981bc7\" data-element_type=\"widget\" data-e-type=\"widget\" data-widget_type=\"image.default\">\n\t\t\t\t\t\t\t\t\t\t\t\t\t\t\t<img decoding=\"async\" width=\"1024\" height=\"683\" src=\"https:\/\/empresas28.hachete.com\/romeroalarcon\/wp-content\/uploads\/2026\/03\/construccion-1024x683.webp\" class=\"attachment-large size-large wp-image-9473\" alt=\"\" srcset=\"https:\/\/empresas28.hachete.com\/romeroalarcon\/wp-content\/uploads\/2026\/03\/construccion-1024x683.webp 1024w, https:\/\/empresas28.hachete.com\/romeroalarcon\/wp-content\/uploads\/2026\/03\/construccion-300x200.webp 300w, https:\/\/empresas28.hachete.com\/romeroalarcon\/wp-content\/uploads\/2026\/03\/construccion-768x512.webp 768w, https:\/\/empresas28.hachete.com\/romeroalarcon\/wp-content\/uploads\/2026\/03\/construccion.webp 1424w\" sizes=\"(max-width: 1024px) 100vw, 1024px\" \/>\t\t\t\t\t\t\t\t\t\t\t\t\t\t\t<\/div>\n\t\t\t\t\t<\/div>\n\t\t<\/div>\n\t\t\t\t\t<\/div>\n\t\t<\/section>\n\t\t<div class=\"mkdf-elementor-row mkdf-row-with-bg-pattern\" style=\"\">\t\t<section class=\"elementor-section elementor-top-section elementor-element elementor-element-8d40d37 mkdf-elementor-row-grid-section elementor-section-full_width pt-md pb-md elementor-section-height-default elementor-section-height-default mkdf-parallax-row-no mkdf-content-aligment-left mkdf-disabled-bg-image-bellow-no mkdf-row-btt-light\" data-id=\"8d40d37\" data-element_type=\"section\" data-e-type=\"section\" id=\"postventa\" data-settings=\"{&quot;background_background&quot;:&quot;classic&quot;}\">\n\t\t\t\t\t\t<div class=\"elementor-container elementor-column-gap-default\">\n\t\t\t\t\t<div class=\"elementor-column elementor-col-50 elementor-top-column elementor-element elementor-element-26e0bb8\" data-id=\"26e0bb8\" data-element_type=\"column\" data-e-type=\"column\">\n\t\t\t<div class=\"elementor-widget-wrap elementor-element-populated\">\n\t\t\t\t\t\t<div class=\"elementor-element elementor-element-f8d99a5 mkdf-appearing-section mkdf-eh-item-project elementor-widget elementor-widget-image\" data-id=\"f8d99a5\" data-element_type=\"widget\" data-e-type=\"widget\" data-widget_type=\"image.default\">\n\t\t\t\t\t\t\t\t\t\t\t\t\t\t\t<img loading=\"lazy\" decoding=\"async\" width=\"1024\" height=\"683\" src=\"https:\/\/empresas28.hachete.com\/romeroalarcon\/wp-content\/uploads\/2026\/03\/postventa-1024x683.webp\" class=\"attachment-large size-large wp-image-9474\" alt=\"\" srcset=\"https:\/\/empresas28.hachete.com\/romeroalarcon\/wp-content\/uploads\/2026\/03\/postventa-1024x683.webp 1024w, https:\/\/empresas28.hachete.com\/romeroalarcon\/wp-content\/uploads\/2026\/03\/postventa-300x200.webp 300w, https:\/\/empresas28.hachete.com\/romeroalarcon\/wp-content\/uploads\/2026\/03\/postventa-768x512.webp 768w, https:\/\/empresas28.hachete.com\/romeroalarcon\/wp-content\/uploads\/2026\/03\/postventa.webp 1424w\" sizes=\"(max-width: 1024px) 100vw, 1024px\" \/>\t\t\t\t\t\t\t\t\t\t\t\t\t\t\t<\/div>\n\t\t\t\t\t<\/div>\n\t\t<\/div>\n\t\t\t\t<div class=\"elementor-column elementor-col-50 elementor-top-column elementor-element elementor-element-403f72e\" data-id=\"403f72e\" data-element_type=\"column\" data-e-type=\"column\">\n\t\t\t<div class=\"elementor-widget-wrap elementor-element-populated\">\n\t\t\t\t\t\t<div class=\"elementor-element elementor-element-1e8d628 elementor-widget elementor-widget-mkdf_section_title\" data-id=\"1e8d628\" data-element_type=\"widget\" data-e-type=\"widget\" data-widget_type=\"mkdf_section_title.default\">\n\t\t\t\t<div class=\"elementor-widget-container\">\n\t\t\t\t\t<div class=\"mkdf-section-title-holder  mkdf-st-standard   \" >\n\t<div class=\"mkdf-st-inner\">\n        \t\t\t\t\t<h2 class=\"mkdf-st-title\" >\n\t\t\t\tPostventa\t\t\t<\/h2>\n\t\t\t\t\t\t\t<p class=\"mkdf-st-text\" style=\"margin-top: 20px\">\n\t\t\t\tEn resumen, formamos grandes equipos con los colaboradores con los que trabajamos, construyendo hombro con hombro, gestionando \u00edntegramente la soluci\u00f3n a encarar, con procedimientos y operaciones de alta eficacia para alcanzar los objetivos previamente marcados, como apuesta clara y en firme de nuestro compromiso.\t\t\t<\/p>\n\t\t\t<\/div>\n<\/div>\t\t\t\t<\/div>\n\t\t\t\t<\/div>\n\t\t\t\t\t<\/div>\n\t\t<\/div>\n\t\t\t\t\t<\/div>\n\t\t<\/section>\n\t\t<div class=\"mkdf-row-background-pattern-holder\"><div class=\"mkdf-row-background-pattern-left\"><\/div><div class=\"mkdf-row-background-pattern-right\"><\/div><\/div><\/div>\t\t<section class=\"elementor-section elementor-top-section elementor-element elementor-element-7996388 elementor-section-boxed elementor-section-height-default elementor-section-height-default mkdf-parallax-row-no mkdf-content-aligment-left mkdf-elementor-row-grid-no mkdf-disabled-bg-image-bellow-no mkdf-row-btt-light\" data-id=\"7996388\" data-element_type=\"section\" data-e-type=\"section\" data-settings=\"{&quot;background_background&quot;:&quot;classic&quot;}\">\n\t\t\t\t\t\t<div class=\"elementor-container elementor-column-gap-default\">\n\t\t\t\t\t<div class=\"elementor-column elementor-col-50 elementor-top-column elementor-element elementor-element-e035ebd elementor-hidden-tablet elementor-hidden-phone\" data-id=\"e035ebd\" data-element_type=\"column\" data-e-type=\"column\">\n\t\t\t<div class=\"elementor-widget-wrap\">\n\t\t\t\t\t\t\t<\/div>\n\t\t<\/div>\n\t\t\t\t<div class=\"elementor-column elementor-col-50 elementor-top-column elementor-element elementor-element-9828519 mkdf-appearing-section mkdf-eh-item-project\" data-id=\"9828519\" data-element_type=\"column\" data-e-type=\"column\" data-settings=\"{&quot;background_background&quot;:&quot;classic&quot;}\">\n\t\t\t<div class=\"elementor-widget-wrap elementor-element-populated\">\n\t\t\t\t\t\t<div class=\"elementor-element elementor-element-a20511c elementor-widget elementor-widget-mkdf_section_title\" data-id=\"a20511c\" data-element_type=\"widget\" data-e-type=\"widget\" data-widget_type=\"mkdf_section_title.default\">\n\t\t\t\t<div class=\"elementor-widget-container\">\n\t\t\t\t\t<div class=\"mkdf-section-title-holder  mkdf-st-standard   \" >\n\t<div class=\"mkdf-st-inner\">\n                    <h6 class=\"mkdf-st-intro-title\" style=\"color: #FFFFFF\">\n                Soluciones integrales para tu proyecto            <\/h6>\n        \t\t\t\t\t<h2 class=\"mkdf-st-title\" style=\"color: #FFFFFF\">\n\t\t\t\tInfraestructura y medios propios\t\t\t<\/h2>\n\t\t\t\t\t\t\t<p class=\"mkdf-st-text\" style=\"color: #FFFFFF\">\n\t\t\t\tDisponemos de instalaciones organizadas por \u00e1reas t\u00e9cnicas que nos permiten optimizar recursos, reducir costes y garantizar la m\u00e1xima eficiencia en cada fase del proyecto.\t\t\t<\/p>\n\t\t\t<\/div>\n<\/div>\t\t\t\t<\/div>\n\t\t\t\t<\/div>\n\t\t\t\t<div class=\"elementor-element elementor-element-5b5d686 elementor-widget elementor-widget-mkdf_button\" data-id=\"5b5d686\" data-element_type=\"widget\" data-e-type=\"widget\" data-widget_type=\"mkdf_button.default\">\n\t\t\t\t<div class=\"elementor-widget-container\">\n\t\t\t\t\t<a itemprop=\"url\" href=\"https:\/\/empresas28.hachete.com\/romeroalarcon\/contacto\/\" target=\"_self\" style=\"color: #FFFFFF;background-color: #FFFFFF;border-color: #FFFFFF\" class=\"mkdf-btn mkdf-btn-medium mkdf-btn-solid mkdf-btn-custom-hover-color\" data-hover-color=\"#FFFFFF\" 0=\"color: #FFFFFF\" 1=\"background-color: #FFFFFF\" 2=\"border-color: #FFFFFF\">\n    <span class=\"mkdf-btn-text\">Solicitar contacto<\/span>\n    <i class=\"mkdf-icon-dripicons dripicon  \" ><\/i><\/a>\t\t\t\t<\/div>\n\t\t\t\t<\/div>\n\t\t\t\t\t<\/div>\n\t\t<\/div>\n\t\t\t\t\t<\/div>\n\t\t<\/section>\n\t\t\t\t<\/div>\n\t\t","protected":false},"excerpt":{"rendered":"<p>Servicio integral y garant\u00eda Contamos con un equipo humano profesionalmente cualificado, las instalaciones necesarias y la mejor tecnolog\u00eda. Gesti\u00f3n completa de proyectos Procuramos un servicio que abarca desde el asesoramiento y dise\u00f1o de instalaciones hasta su construcci\u00f3n, incluyendo la preparaci\u00f3n [&hellip;]<\/p>\n","protected":false},"author":1,"featured_media":0,"parent":0,"menu_order":0,"comment_status":"closed","ping_status":"closed","template":"full-width.php","meta":{"footnotes":""},"class_list":["post-9311","page","type-page","status-publish","hentry"],"_links":{"self":[{"href":"https:\/\/empresas28.hachete.com\/romeroalarcon\/wp-json\/wp\/v2\/pages\/9311","targetHints":{"allow":["GET"]}}],"collection":[{"href":"https:\/\/empresas28.hachete.com\/romeroalarcon\/wp-json\/wp\/v2\/pages"}],"about":[{"href":"https:\/\/empresas28.hachete.com\/romeroalarcon\/wp-json\/wp\/v2\/types\/page"}],"author":[{"embeddable":true,"href":"https:\/\/empresas28.hachete.com\/romeroalarcon\/wp-json\/wp\/v2\/users\/1"}],"replies":[{"embeddable":true,"href":"https:\/\/empresas28.hachete.com\/romeroalarcon\/wp-json\/wp\/v2\/comments?post=9311"}],"version-history":[{"count":238,"href":"https:\/\/empresas28.hachete.com\/romeroalarcon\/wp-json\/wp\/v2\/pages\/9311\/revisions"}],"predecessor-version":[{"id":10823,"href":"https:\/\/empresas28.hachete.com\/romeroalarcon\/wp-json\/wp\/v2\/pages\/9311\/revisions\/10823"}],"wp:attachment":[{"href":"https:\/\/empresas28.hachete.com\/romeroalarcon\/wp-json\/wp\/v2\/media?parent=9311"}],"curies":[{"name":"wp","href":"https:\/\/api.w.org\/{rel}","templated":true}]}}